es 28 divide 910?
False
Does 5 divide 1700?
True
Is 10375 a multiple of 84?
False
Is 4 a factor of 57?
False
Is 135 a multiple of 121?
False
Is 5 a factor of 350?
True
Does 135 divide 34695?
True
Does 25 divide 1600?
True
Is 638 a multiple of 10?
False
Does 63 divide 5045?
False
Does 15 divide 410?
False
Is 13 a factor of 231?
False
Is 1191 a multiple of 48?
False
Is 14 a factor of 713?
False
Is 2 a factor of 54?
True
Does 7 divide 4144?
True
Is 27116 a multiple of 26?
False
Is 50 a factor of 10050?
True
Is 20 a factor of 26129?
False
Does 67 divide 1273?
True
Is 33 a factor of 3168?
True
Is 32 a factor of 119?
False
Is 71 a factor of 994?
True
Is 8292 a multiple of 18?
False
Does 14 divide 21740?
False
Is 2919 a multiple of 21?
True
Is 1295 a multiple of 16?
False
Is 46658 a multiple of 12?
False
Is 32 a factor of 5312?
True
Is 4030 a multiple of 24?
False
Is 6183 a multiple of 229?
True
Is 4884 a multiple of 12?
True
Does 10 divide 19359?
False
Is 304 a multiple of 76?
True
Does 38 divide 570?
True
Is 15 a factor of 3165?
True
Is 65 a factor of 53495?
True
Is 5118 a multiple of 12?
False
Is 4 a factor of 24852?
True
Is 4500 a multiple of 12?
True
Does 9 divide 387?
True
Does 9 divide 3735?
True
Is 8 a factor of 961?
False
Is 2070 a multiple of 90?
True
Is 8 a factor of 18007?
False
Does 44 divide 11644?
False
Does 25 divide 1960?
False
Is 119 a multiple of 3?
False
Is 8 a factor of 856?
True
Is 10 a factor of 360?
True
Is 18 a factor of 3603?
False
Is 16681 a multiple of 76?
False
Is 1391 a multiple of 13?
True
Does 8 divide 594?
False
Does 2 divide 437?
False
Is 60 a factor of 727?
False
Is 70 a factor of 28840?
True
Is 19 a factor of 3857?
True
Does 22 divide 26664?
True
Is 319 a factor of 114158?
False
Does 6 divide 132?
True
Is 10 a factor of 540?
True
Is 20 a factor of 203?
False
Is 173 a factor of 14793?
False
Is 3296 a multiple of 8?
True
Is 24 a multiple of 6?
True
Does 47 divide 953?
False
Is 247 a multiple of 13?
True
Is 10 a factor of 1554?
False
Is 134388 a multiple of 45?
False
Is 13 a factor of 437?
False
Is 32 a factor of 2149?
False
Is 9 a factor of 24?
False
Is 9173 a multiple of 14?
False
Is 546 a multiple of 3?
True
Is 2448 a multiple of 72?
True
Does 30 divide 1470?
True
Is 34 a factor of 75?
False
Is 4609 a multiple of 11?
True
Is 24804 a multiple of 26?
True
Does 79 divide 5510?
False
Is 37664 a multiple of 67?
False
Is 6 a factor of 1310?
False
Is 12524 a multiple of 15?
False
Is 7100 a multiple of 73?
False
Is 372 a multiple of 41?
False
Is 13 a factor of 1573?
True
Is 92318 a multiple of 31?
True
Is 2931 a multiple of 30?
False
Is 424 a multiple of 27?
False
Is 453 a multiple of 2?
False
Is 23 a factor of 13547?
True
Is 104 a multiple of 12?
False
Is 28 a factor of 27356?
True
Is 4062 a multiple of 177?
False
Is 4 a factor of 4559?
False
Is 40257 a multiple of 21?
True
Does 7 divide 7063?
True
Does 2 divide 217?
False
Is 73587 a multiple of 19?
True
Is 8 a factor of 2499?
False
Is 7 a factor of 120?
False
Does 10 divide 720?
True
Is 15347 a multiple of 103?
True
Is 39552 a multiple of 64?
True
Is 14 a factor of 210?
True
Is 61 a factor of 5187?
False
Is 72 a factor of 32976?
True
Is 83 a factor of 290?
False
Is 86 a factor of 2728?
False
Is 27 a factor of 21519?
True
Is 8 a factor of 29?
False
Is 19 a factor of 4416?
False
Is 17 a factor of 14709?
False
Is 45 a factor of 5400?
True
Does 23 divide 10643?
False
Is 30 a factor of 1500?
True
Does 170 divide 50706?
False
Does 14 divide 3727?
False
Does 63 divide 26747?
False
Is 26 a factor of 447?
False
Is 75 a factor of 3900?
True
Does 12 divide 1608?
True
Is 23 a factor of 1610?
True
Is 4 a factor of 136?
True
Does 61 divide 793?
True
Does 61 divide 7259?
True
Is 623 a multiple of 27?
False
Is 155820 a multiple of 49?
True
Does 69 divide 2898?
True
Is 17 a factor of 26503?
True
Is 14630 a multiple of 95?
True
Is 8857 a multiple of 43?
False
Does 20 divide 1280?
True
Is 4380 a multiple of 15?
True
Is 121763 a multiple of 37?
False
Does 11 divide 1116?
False
Is 1231 a multiple of 14?
False
Does 14 divide 313?
False
Is 9762 a multiple of 136?
False
Is 28447 a multiple of 133?
False
Does 56 divide 30184?
True
Is 487 a multiple of 8?
False
Is 318 a multiple of 50?
False
Does 5 divide 495?
True
Is 286 a factor of 27170?
True
Does 5 divide 155?
True
Is 62131 a multiple of 124?
False
Is 20 a factor of 907?
False
Is 1476 a multiple of 36?
True
Is 17842 a multiple of 100?
False
Is 963 a multiple of 36?
False
Is 4 a factor of 1457?
False
Is 2455 a multiple of 62?
False
Does 13 divide 3042?
True
Is 76048 a multiple of 16?
True
Is 16175 a multiple of 38?
False
Is 234 a multiple of 26?
True
Is 4995 a multiple of 15?
True
Is 63 a factor of 5985?
True
Does 8 divide 1454?
False
Is 27 a factor of 755?
False
Does 145 divide 25520?
True
Is 29 a factor of 1334?
True
Is 97 a multiple of 3?
False
Does 12 divide 289?
False
Does 6 divide 10584?
True
Does 15 divide 9259?
False
Does 10 divide 620?
True
Is 39 a factor of 702?
True
Is 35 a multiple of 6?
False
Is 923 a multiple of 95?
False
Is 4788 a multiple of 76?
True
Is 2355 a multiple of 14?
False
Is 19 a factor of 2204?
True
Is 65 a multiple of 5?
True
Is 5216 a multiple of 9?
False
Does 29 divide 9116?
False
Does 3 divide 96?
True
Does 36 divide 3957?
False
Does 140 divide 4807?
False
Is 134 a multiple of 9?
False
Is 101 a factor of 3628?
False
Is 31 a factor of 3348?
True
Is 408 a multiple of 24?
True
Does 265 divide 3102?
False
Is 4945 a multiple of 6?
False
Is 74 a factor of 1099?
False
Is 65493 a multiple of 337?
False
Is 12791 a multiple of 85?
False
Is 54 a multiple of 31?
False
Is 20 a factor of 923?
False
Is 282 a factor of 78028?
False
Does 9 divide 612?
True
Is 13 a factor of 7206?
False
Does 46 divide 92?
True
Is 4 a factor of 456?
True
Does 16 divide 1088?
True
Does 159 divide 28779?
True
Is 218 a factor of 176798?
True
Does 247 divide 78793?
True
Is 42789 a multiple of 17?
True
Does 12 divide 792?
True
Is 10 a factor of 180?
True
Is 5269 a multiple of 33?
False
Does 89 divide 1693?
False
Is 52 a factor of 1264?
False
Does 12 divide 7115?
False
Does 10 divide 18640?
True
Does 92 divide 460?
True
Is 6623 a multiple of 43?
False
Is 4742 a multiple of 2?
True
Is 550 a multiple of 16?
False
Is 67 a factor of 11859?
True
Is 1387 a multiple of 19?
True
Is 2568 a multiple of 76?
False
Is 21518 a multiple of 106?
True
Is 100 a factor of 2659?
False
Is 102 a factor of 3876?
True
Does 54 divide 1080?
True
Is 111 a factor of 3394?
False
Is 66 a factor of 2310?
True
Is 111 a multiple of 2?
False
Is 167 a multiple of 6?
False
Is 80 a factor of 407?
False
Is 757 even?
False
Is 21 a multiple of 2?
False
Does 39 divide 987?
False
Is 5 a factor of 50694?
False
Is 21 a factor of 120771?
True
Does 6 divide 1887?
False
Does 2 divide 32?
True
Is 59 a factor of 760?
False
Is 8 a factor of 65?
False
Is 65911 a multiple of 207?
False
Is 52 a factor of 5946?
False
Is 193 a multiple of 7?
False
Is 5584 a multiple of 97?
False
Does 59 divide 9589?
False
Is 87 a factor of 8265?
True
Is 783 a multiple of 4?
False
Is 14609 a multiple of 8?
False
Does 3 divide 1437?
True
Is 100 a factor of 9600?
True
Is 255 a multiple of 38?
False
Is 57 a factor of 4260?
False
Is 19 a factor of 950?
True
Does 8 divide 344?
True
Is 100 a factor of 1100?
True
Does 32 divide 1229?
False
Is 5607 a multiple of 15?
False
Does 20 divide 980?
True
Is 42 a multiple of 2?
True
Is 3489 a multiple of 33?
False
Does 35 divide 919?
False
Does 11 divide 212?
False
Does 34 divide 2121?
False
Is 113274 a multiple of 22?
False
Does 96 divide 4076?
False
Does 42 divide 635?
False
Does 130 divide 6124?
False
Is 1220 a multiple of 122?
True
Is 12165 a multiple of 14?
False
Is 5 a factor of 3017?
False
Is 2958 a multiple of 51?
True
Is 27 a factor of 2862?
True
Is 1683 a multiple of 51?
True
Is 59 a factor of 22597?
True
Is 105 a factor of 10019?
False
Is 24 a factor of 34685?
False
Is 17437 a multiple of 7?
True
Is 261 a multiple of 7?
False
Is 455 a multiple of 13?
True
Does 9 divide 19431?
True
Is 36 a factor of 105300?
True
Does 56 divide 1400?
True
Does 11 divide 398?
False
Is 416 a multiple of 41?
False
Is 103 a factor of 9233?
False
Is 18 a factor of 100093?
False
Is 7 a factor of 4312?